 275622 is divided by 311.
76
What is the remainder when 3008403 is divided by 51?
15
Calculate the remainder when 1760513 is divided by 59.
12
What is the remainder when 162733 is divided by 8179?
7332
What is the remainder when 1487953013 is divided by 5319?
5315
Calculate the remainder when 205148 is divided by 1816.
1756
Calculate the remainder when 9601072 is divided by 4800508.
56
What is the remainder when 111595365 is divided by 481?
479
What is the remainder when 163339 is divided by 374?
275
What is the remainder when 14384 is divided by 12928?
1456
What is the remainder when 56492148 is divided by 25?
23
Calculate the remainder when 3171688 is divided by 27342.
16
Calculate the remainder when 3538875 is divided by 239.
2
What is the remainder when 284465 is divided by 4006?
39
What is the remainder when 100863 is divided by 14399?
70
Calculate the remainder when 329780 is divided by 5685.
50
Calculate the remainder when 503061 is divided by 50306.
1
Calculate the remainder when 735137 is divided by 3.
2
What is the remainder when 3802369 is divided by 19?
13
What is the remainder when 9071568 is divided by 1068?
1044
Calculate the remainder when 1437170 is divided by 4775.
4670
What is the remainder when 19153812 is divided by 957690?
12
What is the remainder when 3565013 is divided by 51?
11
Calculate the remainder when 1739709 is divided by 180.
9
Calculate the remainder when 920118 is divided by 115013.
14
Calculate the remainder when 1811042 is divided by 362208.
2
What is the remainder when 25431 is divided by 268?
239
What is the remainder when 2779561 is divided by 10?
1
Calculate the remainder when 259442 is divided by 2759.
96
Calculate the remainder when 1272834 is divided by 2187.
0
Calculate the remainder when 9573138 is divided by 34.
30
What is the remainder when 7384149 is divided by 46?
45
What is the remainder when 17643209 is divided by 326726?
5
What is the remainder when 182507 is divided by 400?
107
Calculate the remainder when 7116269 is divided by 35229.
11
What is the remainder when 628309 is divided by 628272?
37
What is the remainder when 69900 is divided by 5806?
228
Calculate the remainder when 413660 is divided by 413499.
161
Calculate the remainder when 7033002 is divided by 5078.
5050
What is the remainder when 42834 is divided by 137?
90
Calculate the remainder when 4991 is divided by 22.
19
Calculate the remainder when 1510196 is divided by 35957.
2
Calculate the remainder when 2593313 is divided by 27885.
8
Calculate the remainder when 54941912 is divided by 63.
53
Calculate the remainder when 1132628911 is divided by 1053.
1051
What is the remainder when 17093246 is divided by 150?
146
Calculate the remainder when 104424 is divided by 52197.
30
What is the remainder when 45495287 is divided by 559?
513
Calculate the remainder when 24853545 is divided by 78.
15
What is the remainder when 7085057 is divided by 1901?
30
What is the remainder when 6670 is divided by 6648?
22
Calculate the remainder when 9560 is divided by 4733.
94
What is the remainder when 7937295 is divided by 3968643?
9
What is the remainder when 4686043 is divided by 30?
13
What is the remainder when 140284 is divided by 8767?
12
Calculate the remainder when 1105289 is divided by 184213.
11
What is the remainder when 46640663 is divided by 3?
2
Calculate the remainder when 19121378 is divided by 101709.
86
Calculate the remainder when 2591506 is divided by 118.
108
What is the remainder when 425683 is divided by 4159?
1465
Calculate the remainder when 333179972 is divided by 5391.
5390
Calculate the remainder when 5493903 is divided by 1241.
1237
What is the remainder when 301949 is divided by 25?
24
What is the remainder when 6347098 is divided by 56?
2
What is the remainder when 544534 is divided by 710?
674
What is the remainder when 17813623 is divided by 55842?
25
What is the remainder when 3392 is divided by 1886?
1506
What is the remainder when 4538891 is divided by 3?
2
What is the remainder when 67785388 is divided by 68?
64
What is the remainder when 1039732 is divided by 129963?
28
Calculate the remainder when 1462196 is divided by 702.
632
Calculate the remainder when 7251339 is divided by 67.
63
What is the remainder when 198433 is divided by 1230?
403
Calculate the remainder when 69913668 is divided by 1069.
1068
What is the remainder when 53934 is divided by 26130?
1674
What is the remainder when 61662136 is divided by 1061?
1060
What is the remainder when 930396 is divided by 930375?
21
What is the remainder when 59171 is divided by 267?
164
Calculate the remainder when 141967 is divided by 1216.
911
What is the remainder when 179126 is divided by 85?
31
What is the remainder when 89186 is divided by 920?
866
Calculate the remainder when 527187 is divided by 175234.
1485
Calculate the remainder when 534894 is divided by 132371.
5410
What is the remainder when 7927962 is divided by 3211?
3
What is the remainder when 3767187 is divided by 6?
3
What is the remainder when 13200 is divided by 6537?
126
What is the remainder when 13394132 is divided by 51?
2
Calculate the remainder when 49566922 is divided by 6.
4
What is the remainder when 30514708 is divided by 386262?
10
Calculate the remainder when 2321701 is divided by 48.
37
Calculate the remainder when 17536 is divided by 534.
448
What is the remainder when 451503 is divided by 149951?
1650
What is the remainder when 984026 is divided by 408?
338
What is the remainder when 66461 is divided by 62?
59
What is the remainder when 32420359 is divided by 680?
679
What is the remainder when 1159535 is divided by 1624?
1623
Calculate the remainder when 25604896 is divided by 18514.
34
What is the remainder when 1939573 is divided by 57?
34
Calculate the remainder when 75865 is divided by 5051.
100
What is the remainder when 193183157 is divided by 83?
76
What is the remainder when 132070 is divided by 130625?
1445
What is the remainder when 258179 is divided by 31063?
9675
Calculate the remainder when 9409034 is divided by 19400.
34
Calculate the remainder when 7948167 is divided by 2374.
15
Calculate the remainder when 3282383 is divided by 212.
199
What is the remainder when 156745 is divided by 2740?
565
What is the remainder when 19428738 is divided by 1142863?
67
Calculate the remainder when 37719834 is divided by 37719812.
22
What is the remainder when 2235551 is divided by 10595?
6
What is the remainder when 150838 is divided by 13688?
270
What is the remainder when 127987 is divided by 14197?
214
What is the remainder when 454770 is divided by 44?
30
Calculate the remainder when 25522 is divided by 2693.
1285
Calculate the remainder when 8570660 is divided by 26.
20
Calculate the remainder when 92426192 is divided by 7507.
8
What is the remainder when 908487 is divided by 129780?
27
Calculate the remainder when 195076504 is divided by 24.
16
What is the remainder when 639011 is divided by 48?
35
Calculate the remainder when 3044102 is divided by 4.
2
Calculate the remainder when 29288 is divided by 7280.
168
Calculate the remainder when 1709474 is divided by 1296.
50
What is the remainder when 29589285 is divided by 162?
147
Calculate the remainder when 3587261 is divided by 221.
210
What is the remainder when 21248 is divided by 4317?
3980
Calculate the remainder when 401509 is divided by 19112.
157
What is the remainder when 151907 is divided by 290?
237
What is the remainder when 276985989 is divided by 16256?
5
What is the remainder when 37738339 is divided by 8573?
8566
What is the remainder when 167684012 is divided by 55894657?
41
Calculate the remainder when 132944 is divided by 72.
32
Calculate the remainder when 167238 is divided by 1029.
540
What is the remainder when 131792 is divided by 9895?
3157
Calculate the remainder when 222919 is divided by 2725.
2194
What is the remainder when 63614816 is divided by 12?
8
What is the remainder when 8276874 is divided by 263?
1
Calculate the remainder when 2040053 is divided by 170004.
5
Calculate the remainder when 252072 is divided by 2437.
1061
What is the remainder when 285987 is divided by 5607?
30
Calculate the remainder when 355378 is divided by 65.
23
What is the remainder when 902917 is divided by 6